8). Suppose -y*u = z - 41, -4*z - 5*u + 116 = -48. List the prime factors of z.
41
Suppose 7 = -2*n + 3, -3*j + 3*n - 84 = 0. Let s = -23 - j. Suppose -s*x + 522 = 2*x. List the prime factors of x.
2, 29
Let h be (-18)/(8/92*-1). Suppose -21*z + h = -20*z. Suppose 0 = -i + 10*i - z. What are the prime factors of i?
23
Let q be 63/18 + -4 + (-1082)/4. Let z = q + 310. What are the prime factors of z?
3, 13
List the prime factors of (-8 - (-24)/4) + 0 + (1777 - 1).
2, 887
Let l = 3 + 14. Suppose -12*m + 22852 = l*m. List the prime factors of m.
2, 197
Let h = 258 + -81. Let w(y) = -42*y - 126. Let r be w(-3). Suppose r = -c + i - 4*i + h, 0 = -4*c + 4*i + 708. List the prime factors of c.
3, 59
Let a(y) = 444*y**2 + 5*y - 11. Let q(z) = 443*z**2 + 6*z - 8. Let h(i) = -4*a(i) + 5*q(i). List the prime factors of h(-1).
433
What are the prime factors of -567398*2/(-24) - 25/(-30)?
2, 11821
Let h be 7 + (-1 - 0) + -4. Let r(m) = -34*m + 39*m**h - 4 + 1 - 40*m**2 + 0. List the prime factors of r(-10).
3, 79
Let j(b) = 2*b**2 - 23*b - 22. Let w be j(-1). Suppose -w*i + 349 = 5*p, 0 = -5*i - p + 549 + 18. What are the prime factors of i?
113
Let l(s) = -s**3 + 10*s**2 + 10*s + 9. Let m be 4 - ((-12)/30 - 16/10). What are the prime factors of l(m)?
3, 71
Let d(v) = -2*v**2 + 5*v - 3. Let m be d(3). Let o be ((-2)/4*-2)/(1/8). What are the prime factors of 2/m*(-7 + o)*-18?
2, 3
Let i be 1/(-4)*0*(-1)/(-2). Let d be i + 0/(-1 - 2/(-1)). What are the prime factors of (0 + (2 - -87))/(d - -1)?
89
Let x(g) = g**3 - 3*g**2 - 4*g + 7. Let k be x(4). Suppose k*w = 11*w - 180. Let j = 123 - w. What are the prime factors of j?
2, 3, 13
Let z be 76/18 - 108/486. Suppose -2*u - 5*o + 442 = -u, 0 = -4*u + z*o + 1720. What are the prime factors of u?
2, 3
Let a be 0 - (-4)/(-6) - 80751/(-99). Suppose 1219 = 3*f + 5*w, 2*f + 4*w - 3*w - a = 0. What are the prime factors of f?
2, 3, 17
Let n(h) = 2*h**3 - 8*h**2 - 46*h + 502. List the prime factors of n(25).
2, 3, 17, 251
What are the prime factors of (-12224)/((-1)/(1/7) + 5)?
2, 191
Suppose 13*n = 19*n - 2016. What are the prime factors of ((-69440)/n)/((-8)/6 + 1)?
2, 5, 31
Suppose 40*b + 7653 - 93711 = 22*b. List the prime factors of b.
7, 683
Suppose 3*m - 3*j - 22 = 2*j, 3*m + 2*j - 8 = 0. Suppose 5*r + 13985 = -5*c, -11209 = m*r - 0*c - 3*c. What are the prime factors of 8/36 + r/(-36)?
2, 3, 13
What are the prime factors of -2 + 19443 + (-24 - -19) + 1?
3, 11, 19, 31
List the prime factors of (1 - (-50)/(-30))/(12/(-26622)).
3, 17, 29
Let h(y) = -2*y**2 + 288*y - 991. List the prime factors of h(91).
3, 5, 577
What are the prime factors of ((-474390)/5)/(-9) - 1*(-2 + 2)?
2, 3, 7, 251
Let k = -27897 + 56869. List the prime factors of k.
2, 7243
Let r(i) = 6*i + 32. Let y be r(-5). Suppose 0 = 2*a - y*k - 704, -9*k + 4*k = 20. What are the prime factors of a?
2, 3, 29
Suppose -3*c + 4 + 5 = 0. Suppose -c*k - 17 = -47. Suppose 7*o + 132 = k*o. List the prime factors of o.
2, 11
Let d(u) = 2*u**3 - u**2 + 3*u + 3. Let x be d(3). Suppose 4*v + 3*n = 2*n + 160, -5*n + 185 = 5*v. Let t = x - v. List the prime factors of t.
2
Suppose 11*p = 12*p - 20. Suppose 5 = s - 4*s + b, 0 = 5*s - 4*b + p. What are the prime factors of (-142)/(1 + s - (7 + -4))?
71
Let s = -24590 - -49921. List the prime factors of s.
73, 347
Let d(x) = 70*x**2 - x + 8 - 60*x**2 + 2. Let b be d(4). Let r = -62 + b. List the prime factors of r.
2, 13
List the prime factors of ((-6)/15)/((5/6575)/(39/(-3))).
2, 13, 263
Suppose -2671 = -67*x + 11107 + 20191. What are the prime factors of x?
3, 13
Let r(f) = -f**2 + 4*f + 7. Let l be r(5). Let n be (-4)/(-2)*3/l. Suppose 4*b + n*z = 67, 7 = b - 2*b + 4*z. List the prime factors of b.
13
Suppose 27*f - 38*f + 44 = 0. What are the prime factors of f/10 + (-186)/20*-52?
2, 11
List the prime factors of (-32127)/(-4)*(9 + -27 + 18 + 8).
2, 3, 10709
Suppose 22*g - 175644 = 4*g + g. List the prime factors of g.
2, 3, 7, 41
Suppose 0 = -4*d - 3*d - 847. Let f = d + 471. List the prime factors of f.
2, 5, 7
Suppose -1917 = 2*f - 8067. List the prime factors of f.
3, 5, 41
Suppose c - 124 = 5*a, -4*a - 48 - 50 = -2*c. Let h be (4 + a)/1 + 0. Let j = h + 59. List the prime factors of j.
2, 19
Let g be 468/65*975/(-30). Let j = -437 - -845. Let a = g + j. List the prime factors of a.
2, 3, 29
What are the prime factors of (-281)/(-2529) + (2 - (-1286)/9)?
5, 29
Let d(q) = -q**2 + 22*q + 35. Let s be d(20). Let g = 87 - s. Suppose -450 = -g*r + 102. List the prime factors of r.
2, 23
List the prime factors of 141*((-2)/(-4))/(0 + (-7)/(-826)).
3, 47, 59
Let i = 101796 + -59819. What are the prime factors of i?
13, 3229
Suppose 35*o = -9*o + 88. Suppose 0 = -4*d - q + 6820, -d + 5*q + 1692 = o*q. List the prime factors of d.
2, 3, 71
Let q = 1 + -12. Let h be -1*(63/(-1) + 10). Let g = h + q. List the prime factors of g.
2, 3, 7
Let v = 645 - 251. Suppose 6*q - v = 194. What are the prime factors of q?
2, 7
Suppose -5*r - 3*y + 32659 = 0, 0 = 3*r + 8*y - 7*y - 19597. List the prime factors of r.
47, 139
Let s be ((-2)/1)/((-26)/1105). Let x be -3 + 5 - s*-1. Suppose p - x + 20 = 0. What are the prime factors of p?
67
What are the prime factors of (-617612)/(-177) - 2/6?
3, 1163
Suppose -1875 = -5*x - 4*y, -16*x = -18*x - 3*y + 743. Let c = x + -158. List the prime factors of c.
13, 17
Let w be 945/(-14) - (-1 + (-5)/(-2)). Let a = 111 - -117. Let f = w + a. What are the prime factors of f?
3, 53
Let z(i) = -167*i + 398. List the prime factors of z(-40).
2, 3539
Suppose -22352 = -4*p + 5*s, 85*s - 89*s = -2*p + 11176. What are the prime factors of p?
2, 11, 127
Let c = 91 + -88. Let k(b) = 3*b**2 + 3*b - 4. Let q be k(3). Let u = q - c. List the prime factors of u.
29
Let n = 65 - -1074. Suppose 5*s = -4*d - 595 + 3475, 2*s = d + n. What are the prime factors of s?
2, 11, 13
Let h be (4 - (0 - -9))*-17. Let q = -146 + h. Let i = 69 + q. List the prime factors of i.
2
Let b(s) = 3*s**2 - 16*s - 9. Let a = -190 - -310. Suppose u - a = -9*u. What are the prime factors of b(u)?
3, 7, 11
Let j = -339 - -337. What are the prime factors of (-4 + 5)/(j/(-3102))?
3, 11, 47
Suppose -m + 9598 = 2*p, -5*p - 190*m + 23996 = -188*m. What are the prime factors of p?
2, 3, 5
Let i = -1378 - -2588. Let m = i - -198. What are the prime factors of m?
2, 11
Suppose 4*x + 65833 = -39*x. Let d = -748 - x. List the prime factors of d.
3, 29
Let l(x) = 22*x**2 + 114*x - 65. What are the prime factors of l(18)?
5, 1823
Suppose -7*j + 534 = 1941. Let g = 401 + j. Suppose g - 62 = 2*i. What are the prime factors of i?
3, 23
Let k = 399 + -729. Let u = 564 + k. Suppose u = 2*m + m. What are the prime factors of m?
2, 3, 13
Suppose 7*u + 161 - 525 = 0. Suppose -u*k = -74*k + 10692. What are the prime factors of k?
2, 3
Let r = -10636 + 18526. List the prime factors of r.
2, 3, 5, 263
Let w(b) = -6*b - 4. Suppose -8 = -18*m + 22*m. Let r be w(m). Suppose -r*l + 576 = -0*l. List the prime factors of l.
2, 3
Let o(g) = 16*g + 51. Suppose 43 = 4*m - 5. List the prime factors of o(m).
3
Suppose 0 = 3*y + 5*f - 1448 - 6929, 0 = -y + 5*f + 2799. What are the prime factors of y?
2, 11, 127
Suppose 2*k = -z + 6*k + 16, 2*z = k + 4. Suppose z = -2*m + 2*m + 5*m. Suppose -5*a + q + 451 = m, -a - q + 4*q + 79 = 0. What are the prime factors of a?
7, 13
Let z(n) = -3*n**2 - 15*n + 5. Let f be ((-3)/((-15)/20))/1. Suppose 4*m + 40 = -f*m. What are the prime factors of z(m)?
5
Suppose 7*l - 20378 = 2*l - 4*a, 3*l - 2*a - 12240 = 0. List the prime factors of l.
2, 2039
Suppose 3*n + 5*u + 4 = -n, -5*n = -5*u - 40. Let i(l) be the third derivative of l**4/3 + 2*l**3/3 - 4*l**2. What are the prime factors of i(n)?
2, 3
Suppose -152368 = -24*a + 48728. What are the prime factors of a?
3, 7, 19
Suppose -4*b + 5*n = -8*b + 218, 3*b = 5*n + 146. Suppose -2*g + 16 = m, -10*g + 6*g - b = -4*m. List the prime factors of m.
2, 7
What are the prime factors of (10 + -20 + 7 - -5461)*3?
2, 3, 2729
Let f = 111 - 126. Let r be 22 + f - -2*(-3)/2. Suppose -l + 612 = r*l - n, 2*l = -4*n + 236. What are the prime factors of l?
2, 61
Suppose -50412 = -22*r + 86736. What are the prime factors of r?
2, 3, 1039
Let k(z) = -61*z**3 + 6*z**2 + 7*z - 30. Let q be k(-6). What ar